{"id":54,"date":"2014-04-27T18:33:01","date_gmt":"2014-04-27T16:33:01","guid":{"rendered":"http:\/\/dansmit.mensa.uberspace.de\/wordpress\/?page_id=54"},"modified":"2023-09-04T18:36:13","modified_gmt":"2023-09-04T16:36:13","slug":"wanderfahrten","status":"publish","type":"page","link":"https:\/\/ruderriege-mpg.de\/?page_id=54","title":{"rendered":"Wanderfahrten"},"content":{"rendered":"<p><em>Wanderfahrten seit der Neugr\u00fcndung<\/em><\/p>\n<h3 class=\"wafayear\">2023<\/h3>\n<ul>\n<li>07.06.23\u201311.06.23: Fulda: Rotenburg\u2013Hannoversch M\u00fcnden<\/li>\n<li>30.07.23\u201305.08.23: Weser: Hannoversch M\u00fcnden\u2013Rinteln<\/li>\n<\/ul>\n<h3 class=\"wafayear\">2022<\/h3>\n<ul>\n<li>14.04.22\u201318.04.22: Main und Rhein: Gro\u00dfauheim\u2013Lahnstein<\/li>\n<li>26.05.22\u201329.05.22: Dortmund\u2013Ems\u2013Kanal: Dortmund\u2013M\u00fcnster<\/li>\n<li>25.06.22\u201302.07.22: Mecklenburgische Seenplatte: Silz\u2013Neustrelitz<\/li>\n<li>01.10.22\u201302.10.22: Dortmund-Ems-Kanal: Herbstlager<\/li>\n<\/ul>\n<h3 class=\"wafayear\">2021<\/h3>\n<ul>\n<li>09.10.21\u201310.10.21: Ruhr: Witten\u2013Essen<\/li>\n<\/ul>\n<h3 class=\"wafayear\">2019<\/h3>\n<ul>\n<li>18.04.19\u201323.04.19: Rhein: Speyer-Bonn<\/li>\n<li>11.10.19\u201315.10.19: M\u00f6hnesee: Herbstlager<\/li>\n<\/ul>\n<h3 class=\"wafayear\">2018<\/h3>\n<ul>\n<li>01.04.18\u201308.04.18: Main und Rhein: Aschaffenburg\u2013Lahnstein<\/li>\n<li>10.05.18\u201313.05.18: Wakenitz und Trave: Ratzeburg\u2013Travem\u00fcnde<\/li>\n<li>11.08.18\u201325.08.18: Donau: Passau\u2013Wien<\/li>\n<li>12.10.18\u201316.10.18: M\u00f6hnesee: Herbstlager<\/li>\n<\/ul>\n<h3 class=\"wafayear\">2017<\/h3>\n<ul>\n<li>13.04.17\u201317.04.17: Rhein: Speyer\u2013Lahnstein<\/li>\n<li>14.06.17\u201318.06.17: Lahn: Wetzlar\u2013Lahnstein<\/li>\n<li>20.08.17\u201327.08.17: Weser: Bremen\u2013Otterndorf<\/li>\n<li>20.10.17\u201324.10.17: M\u00f6hnesee: Herbstlager<\/li>\n<\/ul>\n<h3 class=\"wafayear\">2016<\/h3>\n<ul>\n<li>23.03.16\u201329.03.16: Neckar \u2013 Rhein: Eberbach\u2013Bonn<\/li>\n<li>25.05.16\u201329.05.16: Ems: Greven\u2013Lingen<\/li>\n<li>14.08.16\u201320.08.16: Saar und Mosel: Saarbr\u00fccken\u2013Traben-Trabach<\/li>\n<li>07.10.16\u201311.10.16: M\u00f6hnesee: Herbstlager<\/li>\n<\/ul>\n<h3 class=\"wafayear\">2015<\/h3>\n<ul>\n<li>31.03.15\u201306.04.15: Rhein: Worms\u2013Duisburg<\/li>\n<li>11.04.15\u201312.04.15: Rhein, RHK und DEK: Duisburg\u2013Dortmund<\/li>\n<li>03.06.15\u201307.06.15: Aller: Celle\u2013Verden<\/li>\n<li>01.08.15\u201309.08.15: Mecklenburgische Seenplatte, Havel und Spree: Userin\u2013Berlin<\/li>\n<li>02.10.15\u201306.10.15: M\u00f6hnesee: Herbstlager<\/li>\n<\/ul>\n<h3 class=\"wafayear\">2014<\/h3>\n<ul>\n<li>17.04.14\u201322.04.14: Rhein: Germersheim\u2013Bonn<\/li>\n<li>28.05.14\u201301.06.14: Fulda und Weser: Rotenburg\u2013Reinhardshagen<\/li>\n<li>18.06.14\u201322.06.14: Ruhr: Schwerte\u2013M\u00fchlheim<\/li>\n<li>21.07.14\u201302.08.14: Themse: Lechlade\u2013London<\/li>\n<li>02.10.14\u201306.10.14: M\u00f6hnesee: Herbstlager<\/li>\n<\/ul>\n<h3 class=\"wafayear\">2013<\/h3>\n<ul>\n<li>01.04.13 &#8211; 07.04.13: Rhein: Worms &#8211; D\u00fcsseldorf<\/li>\n<li>08.05.13 &#8211; 12.05.13: Lahn: Wetzlar &#8211; Lahnstein<\/li>\n<li>17.05.13 &#8211; 21.05.13: Wakenitz &#8211; Trave: Zarrentin &#8211; Travem\u00fcnde<\/li>\n<li>12.08.13 &#8211; 25.08.13: Weser: Minden &#8211; Otterndorf<\/li>\n<li>18.10.13 &#8211; 22.10.13: M\u00f6hnesee: Herbstlager<\/li>\n<\/ul>\n<h3 class=\"wafayear\">2012<\/h3>\n<ul>\n<li>03.04.12 &#8211; 10.04.12: Rhein (FR): La Wantzenau &#8211; Neuwied<\/li>\n<li>16.05.12 &#8211; 20.05.12: Main: Kitzingen &#8211; Marktheidenfeld<\/li>\n<li>27.05.12 &#8211; 28.05.12: DEK\u00a0\u2013 DHK: Dortmund &#8211; Waltrop &#8211; Dortmund<\/li>\n<li>06.06.12 &#8211; 10.06.12: Mosel: Kl\u00fcsserath &#8211; Neef<\/li>\n<li>09.07.12 &#8211; 20.07.12: Donau (AUT): Passau &#8211; Wien<\/li>\n<li>17.10.12 &#8211; 21.10.12: M\u00f6hnesee: Herbstlager<\/li>\n<\/ul>\n<h3 class=\"wafayear\">2011<\/h3>\n<ul>\n<li>21.04.11 &#8211; 26.04.11: Rhein: Speyer &#8211; Koblenz<\/li>\n<li>01.06.11 &#8211; 05.06.11: Ems: Emsdetten &#8211; Lingen<\/li>\n<li>22.06.11 &#8211; 26.06.11: Weser: H\u00f6xter &#8211; Vlotho<\/li>\n<li>15.08.11 &#8211; 28.08.11: Gew\u00e4sser um Berlin: Klein K\u00f6ris &#8211; Rathenow<\/li>\n<li>21.10.11 &#8211; 25.10.11: Sorpesee: Herbstlager<\/li>\n<\/ul>\n<h3 class=\"wafayear\">2010<\/h3>\n<ul>\n<li>02.04.10 &#8211; 07.04.10: Rhein: Speyer &#8211; Bonn<\/li>\n<li>21.05.10 &#8211; 25.05.10: Gew\u00e4sser um Emden: Emden<\/li>\n<li>03.07.10 &#8211; 04.07.10: DEK: Dortmund &#8211; L\u00fcdinghausen &#8211; Dortmund<\/li>\n<li>16.08.10 &#8211; 24.08.10: Bodensee (AUT &#8211; CHE): Rundfahrt<\/li>\n<li>09.10.10 &#8211; 13.10.10: Sorpesee: Herbstlager<\/li>\n<\/ul>\n<h3 class=\"wafayear\">2009<\/h3>\n<ul>\n<li>06.04.09 &#8211; 11.04.09: Rhein: Speyer &#8211; Bonn<\/li>\n<li>20.05.09 &#8211; 24.05.09: Aller: Celle &#8211; Verden<\/li>\n<li>31.07.09 &#8211; 08.08.09: Neckar \u2013 Rhein: Stuttgart &#8211; Mainz<\/li>\n<li>12.10.09 &#8211; 16.10.09: Sorpesee: Herbstlager<\/li>\n<\/ul>\n<h3 class=\"wafayear\">2008<\/h3>\n<ul>\n<li>24.03.08 &#8211; 29.03.08: Rhein: Speyer &#8211; Bonn<\/li>\n<li>09.05.08 &#8211; 13.05.08: Lahn: Wetzlar &#8211; Niederlahnstein<\/li>\n<li>06.10.08 &#8211; 10.10.08: Sorpesee: Herbstlager<\/li>\n<\/ul>\n<h3 class=\"wafayear\">2007<\/h3>\n<ul>\n<li>Rhein: Speyer &#8211; Bonn<\/li>\n<li>25.05.07 &#8211; 29.05.07: Fulda &#8211; Weser: Kassel &#8211; Holzminden<\/li>\n<li>Sorpesee: Herbstlager<\/li>\n<\/ul>\n<h3 class=\"wafayear\">2006<\/h3>\n<ul>\n<li>Rhein: Karlsruhe &#8211; Neuwied &#8211; D\u00fcsseldorf<\/li>\n<li>Werra \u2013 Weser: Eschwege &#8211; H\u00f6xter<\/li>\n<li>02.10.06 &#8211; 06.10.06: Sorpesee: Herbstlager<\/li>\n<\/ul>\n<h3 class=\"wafayear\">2005<\/h3>\n<ul>\n<li>Rhein: Speyer &#8211; Bad Honnef<\/li>\n<li>25.05.05 &#8211; 29.05.05: Ems: Greven &#8211; Lingen<\/li>\n<li>06.08.05 &#8211; 19.08.05: Themse (GB): Lechlade &#8211; London<\/li>\n<li>10.10.05 &#8211; 14.10.05: Sorpesee<\/li>\n<\/ul>\n<h3 class=\"wafayear\">2004<\/h3>\n<ul>\n<li>Rhein: Karlsruhe &#8211; Duisburg &#8211; Dortmund<\/li>\n<li>Main: Kitzingen &#8211; Wertheim<\/li>\n<li>Donau: G\u00fcnzburg &#8211; Passau<\/li>\n<li>18.10.04 &#8211; 22.10.04: Sorpesee: Herbstlager<\/li>\n<\/ul>\n<h3 class=\"wafayear\">2003<\/h3>\n<ul>\n<li>13.04.03 &#8211; 19.04.03: Rhein: Karlsruhe &#8211; Porz<\/li>\n<li>06.06.03 &#8211; 10.06.03: Aller: Celle &#8211; Verden<\/li>\n<li>03.08.03 &#8211; 16.08.03: Dahme \u2013 Spree \u2013 Havel: M\u00e4rkisch Buchholz &#8211; Rathenow<\/li>\n<\/ul>\n<h3 class=\"wafayear\">2002<\/h3>\n<ul>\n<li>01.04.02 &#8211; 06.04.02: Rhein: Speyer &#8211; Porz<\/li>\n<li>20.05.02 &#8211; 25.05.02: Lahn \u2013 Rhein: Gie\u00dfen &#8211; Neuwied<\/li>\n<li>22.07.02 &#8211; 04.08.02: Mosel: Liverdun (FR) &#8211; Koblenz<\/li>\n<li>23. \/ 26. \/ 29 . 09. 02: Ruhr: Herdecke &#8211; Essen: As\u00e4Ru<\/li>\n<li>21.10.02 &#8211; 26.10.02: Sorpesee: Herbstlager<\/li>\n<\/ul>\n<h3 class=\"wafayear\">2001<\/h3>\n<ul>\n<li>08.04.01 &#8211; 14.04.01: Rhein: Karlsruhe &#8211; Porz<\/li>\n<li>23.05.01 &#8211; 27.05.01: Ems &#8211; DEK: Emsdetten &#8211; Lingen<\/li>\n<li>06.07.01 &#8211; 19.07.01: Neckar \u2013 Rhein: Esslingen &#8211; Leverkusen<\/li>\n<li>07.10.01 &#8211; 12.10.01: Sorpesee: Herbstlager<\/li>\n<\/ul>\n<h3 class=\"wafayear\">2000<\/h3>\n<ul>\n<li>24.04.00 &#8211; 29.04.00: Rhein: Speyer &#8211; Porz<\/li>\n<li>Ruhr: Herdecke &#8211; Essen-H\u00fcgel<\/li>\n<li>Elbe: Melnik (CZ) &#8211; Magdeburg<\/li>\n<li>Sorpesee: Herbstlager<\/li>\n<\/ul>\n<h3 class=\"wafayear\">1999<\/h3>\n<ul>\n<li>29.03.99 &#8211; 03.04.99: Rhein: Karlsruhe &#8211; Bad Honnef<\/li>\n<li>Weser: H\u00f6xter &#8211; Vlotho<\/li>\n<li>Mosel: Trier &#8211; Koblenz<\/li>\n<li>Main: Bamberg &#8211; Aschaffenburg<\/li>\n<\/ul>\n<h3 class=\"wafayear\">1998<\/h3>\n<ul>\n<li>Rhein: Karlsruhe &#8211; Bad Honnef<\/li>\n<li>Fulda \u2013 Weser: Kassel &#8211; H\u00f6xter<\/li>\n<li>Donau: Ingolstadt &#8211; Linz<\/li>\n<\/ul>\n<h3 class=\"wafayear\">1997<\/h3>\n<ul>\n<li>Werse \u2013 Ems \u2013 DEK: Angelmodde &#8211; Senden<\/li>\n<li>Lahn: Gie\u00dfen &#8211; Runkel<\/li>\n<li>Themse (GB): Lechlade &#8211; London<\/li>\n<li>Lippe: Kesseler M\u00fchle &#8211; L\u00fcnen<\/li>\n<\/ul>\n<h3 class=\"wafayear\">1996<\/h3>\n<ul>\n<li>Werse \u2013 Ems \u2013 DEK: Angelmodde &#8211; Dortmund<\/li>\n<li>Ems \u2013 DEK: Emsdetten &#8211; Meppen<\/li>\n<li>Berliner Gew\u00e4sser: Havel \u2013 Spree \u2013 Kan\u00e4le \u2013 Seen<\/li>\n<li>Neckar \u2013 Rhein: Marbach &#8211; Bad Honnef: (Ehemaligenfahrt)<\/li>\n<li>M\u00f6hnesee: Ruderlager<\/li>\n<\/ul>\n<h3 class=\"wafayear\">1995<\/h3>\n<ul>\n<li>Rhein: Worms &#8211; Porz<\/li>\n<li>Ruhr: Westhofen &#8211; Kettwig<\/li>\n<li>Doubs \u2013 Rhein-Rh\u00f4ne-Kanal Sa\u00f4ne (FR): Vaufrey (FR) &#8211; Tr\u00e9vois (FR)<\/li>\n<li>Edersee: Ruderlager<\/li>\n<\/ul>\n<h3 class=\"wafayear\">1994<\/h3>\n<ul>\n<li>Fulda \u2013 Weser: Kassel &#8211; Bodenwerder<\/li>\n<li>Aller \u2013 Weser: Celle &#8211; Bremen<\/li>\n<li>Mosel \u2013 Rhein: Trier &#8211; Bad Honnef<\/li>\n<li>Baldeneysee: Ruderlager<\/li>\n<\/ul>\n<h3 class=\"wafayear\">1993<\/h3>\n<ul>\n<li>Lahn: Gie\u00dfen &#8211; Limburg<\/li>\n<li>Ruhr: Herdecke &#8211; Essen<\/li>\n<li>Elbe: Pirna &#8211; Magdeburg<\/li>\n<li>Baldeneysee: Ruderlager<\/li>\n<\/ul>\n<h3 class=\"wafayear\">1992<\/h3>\n<ul>\n<li>Weser: Beverungen &#8211; Rinteln<\/li>\n<li>Rhein: Worms &#8211; St. Goar: (Kurswanderfahrt)<\/li>\n<li>Neckar \u2013 Rhein: Marbach &#8211; Geisenheim<\/li>\n<li>M\u00f6hnesee: Ruderlager<\/li>\n<\/ul>\n<h3 class=\"wafayear\">1991<\/h3>\n<ul>\n<li>Ems \u2013 DEK: Emsdetten &#8211; Meppen<\/li>\n<li>Holl\u00e4ndische Kan\u00e4le und Meere (NL): Ossenzijl (NL) &#8211; Swartsluis (NL): Adventure-Trophy (Ehemaligen Revival Wafa)<\/li>\n<li>Donau: Regensburg &#8211; Wien<\/li>\n<\/ul>\n<h3 class=\"wafayear\">1990<\/h3>\n<ul>\n<li>Sneeker Meer \u2013 Prinzenhof u.a. Kan\u00e4le (NL)<\/li>\n<li>Ruhr: Schwerte &#8211; Essen<\/li>\n<li>Donau: Regensburg &#8211; Wien<\/li>\n<\/ul>\n<h3 class=\"wafayear\">1989<\/h3>\n<ul>\n<li>Aller \u2013 Weser: Celle &#8211; Bremen<\/li>\n<li>Main: Schweinfurt &#8211; Aschaffenburg<\/li>\n<li>M\u00f6hnesee: Ruderlager<\/li>\n<\/ul>\n<h3 class=\"wafayear\">1988<\/h3>\n<ul>\n<li>Ems \u2013 DEK: Emsdetten &#8211; Meppen<\/li>\n<li>M\u00f6hnesee: Ruderlager<\/li>\n<li>Saar \u2013 Mosel \u2013 Rhein: Saarlouis &#8211; Porz<\/li>\n<li>Rhein: Worms &#8211; Neuwied<\/li>\n<li>Neckar \u2013 Rhein: Marbach &#8211; Koblenz<\/li>\n<\/ul>\n<h3 class=\"wafayear\">1987<\/h3>\n<ul>\n<li>DEK: Dortmund &#8211; Rauxel &#8211; Dortmund<\/li>\n<li>Rhein: Worms &#8211; Boppard<\/li>\n<li>Fulda \u2013 Weser: Kassel &#8211; Rinteln<\/li>\n<\/ul>\n<h3 class=\"wafayear\">1986<\/h3>\n<ul>\n<li>DEK: Dortmund &#8211; M\u00fcnster<\/li>\n<li>Rhein: Worms &#8211; Porz: (Kurswanderfahrt)<\/li>\n<li>Lahn \u2013 Rhein: Weilburg &#8211; Porz<\/li>\n<li>Loire (FR): Orleans (FR) &#8211; Nantes (FR)<\/li>\n<li>Rhein: Geisenheim &#8211; Bad Honnef<\/li>\n<\/ul>\n<h3 class=\"wafayear\">1985<\/h3>\n<ul>\n<li>DEK: Dortmund &#8211; L\u00fcdinghausen &#8211; Dortmund<\/li>\n<li>Aller: Wienhausen &#8211; Verden<\/li>\n<li>Fulda \u2013 Weser: Melsungen &#8211; Hameln<\/li>\n<li>Donau: Ingolstadt &#8211; Wien<\/li>\n<li>Rhein: Geisenheim &#8211; Bad Honnef: (Ehemaligenfahrt)<\/li>\n<\/ul>\n<h3 class=\"wafayear\">1984<\/h3>\n<ul>\n<li>Ruhr: Schwerte &#8211; M\u00fclheim<\/li>\n<li>DEK: Dortmund &#8211; L\u00fcdinghausen &#8211; Dortmund<\/li>\n<li>Rhein: Koblenz &#8211; Porz<\/li>\n<li>DEK \u2013 Ems: Dortmund &#8211; Lingen<\/li>\n<li>Main: Bamberg &#8211; Aschaffenburg<\/li>\n<\/ul>\n<h3 class=\"wafayear\">1983<\/h3>\n<ul>\n<li>DEK: Dortmund &#8211; L\u00fcdinghausen &#8211; Dortmund<\/li>\n<li>Berliner Gew\u00e4sser<\/li>\n<li>Neckar \u2013 Rhein: Stuttgart &#8211; Porz<\/li>\n<li>Rhein: St. Goar &#8211; Koblenz: (Ehemaligenfahrt)<\/li>\n<\/ul>\n<h3 class=\"wafayear\">1982<\/h3>\n<ul>\n<li>DEK: M\u00fcnster &#8211; Waltrop &#8211; Dortmund<\/li>\n<li>Lahn \u2013 Rhein: Weilburg &#8211; Neuwied<\/li>\n<li>Werra \u2013 Weser: Eschwege &#8211; Bremen<\/li>\n<\/ul>\n<h3 class=\"wafayear\">1981<\/h3>\n<ul>\n<li>Lippe \u2013 DEK: Lippstadt &#8211; Dortmund<\/li>\n<li>Mosel \u2013 Rhein: Perl &#8211; Porz<\/li>\n<li>Ems: Dortmund &#8211; Lingen<\/li>\n<li>Rurstausee: Ruderlager<\/li>\n<\/ul>\n<h3 class=\"wafayear\">1980<\/h3>\n<ul>\n<li>Lahn: Weilburg &#8211; Niederlahnstein<\/li>\n<li>Donau: Ingolstadt &#8211; Wien<\/li>\n<\/ul>\n<h3 class=\"wafayear\">1979<\/h3>\n<ul>\n<li>Lahn \u2013 Rhein \u2013 Ruhr \u2013 RHK \u2013 DEK: Weilburg &#8211; Niederlahnstein &#8211; Dortmund<\/li>\n<li>Main: Bamberg &#8211; Aschaffenburg<\/li>\n<\/ul>\n<h3 class=\"wafayear\">1978<\/h3>\n<ul>\n<li>Ems<\/li>\n<li>Werra \u2013 Weser: Eschwege &#8211; Bremen<\/li>\n<\/ul>\n<h3 class=\"wafayear\">1977<\/h3>\n<ul>\n<li>DEK: Dortmund &#8211; L\u00fcdinghausen<\/li>\n<li>Ems: Emsdetten &#8211; Lingen<\/li>\n<li>Lahn: Weilburg &#8211; Niederlahnstein<\/li>\n<\/ul>\n<h3 class=\"wafayear\">1976<\/h3>\n<ul>\n<li>Lahn: Weilburg &#8211; Lahnstein<\/li>\n<li>Rhein: Niederlahnstein &#8211; Leverkusen<\/li>\n<\/ul>\n<h3 class=\"wafayear\">1974<\/h3>\n<ul>\n<li>Weser: Beverungen &#8211; Bremen<\/li>\n<li>Mosel: Perl &#8211; Koblenz<\/li>\n<\/ul>\n<h3 class=\"wafayear\">1973<\/h3>\n<ul>\n<li>DEK \u2013 Ems: Dortmund &#8211; Leer<\/li>\n<li>Donau: Regensburg &#8211; Wien<\/li>\n<\/ul>\n<h3 class=\"wafayear\">1972<\/h3>\n<ul>\n<li>Mosel: Trier &#8211; Koblenz<\/li>\n<\/ul>\n<h3 class=\"wafayear\">1971<\/h3>\n<ul>\n<li>Fulda \u2013 Weser: Kassel &#8211; Bremen<\/li>\n<\/ul>\n<h3 class=\"wafayear\">1970<\/h3>\n<ul>\n<li>Mosel: Serrig &#8211; Koblenz<\/li>\n<\/ul>\n<h3 class=\"wafayear\">1969<\/h3>\n<ul>\n<li>Fulda \u2013 Weser \u2013 MLK \u2013 DEK: Kassel &#8211; Minden &#8211; Dortmund<\/li>\n<\/ul>\n<h3 class=\"wafayear\">1968<\/h3>\n<ul>\n<li>DEK \u2013 Ems: Dortmund &#8211; Haneckenf\u00e4hr<\/li>\n<\/ul>\n<h3 class=\"wafayear\">1967<\/h3>\n<ul>\n<li>Souston (FR) &#8211; Sportaustausch<\/li>\n<li>Saar \u2013 Mosel: Dillingen &#8211; Trier &#8211; Koblenz<\/li>\n<li>DEK: Dortmund &#8211; M\u00fcnster<\/li>\n<\/ul>\n<h3 class=\"wafayear\">1966<\/h3>\n<ul>\n<li>Mosel \u2013 Rhein: Trier &#8211; D\u00fcsseldorf<\/li>\n<li>Fulda \u2013 Weser \u2013 MLK \u2013 DEK: Kassel &#8211; Minden &#8211; Dortmund<\/li>\n<\/ul>\n<h3 class=\"wafayear\">1964<\/h3>\n<ul>\n<li>DEK \u2013 Ems usw.: Dortmund &#8211; Groningen<\/li>\n<li>Neckar \u2013 Rhein: Bad Wimpfen &#8211; D\u00fcsseldorf<\/li>\n<\/ul>\n<h3 class=\"wafayear\">1961<\/h3>\n<ul>\n<li>DEK \u2013 Ems: Dortmund &#8211; Rheine<\/li>\n<\/ul>\n<h3 class=\"wafayear\">1958<\/h3>\n<ul>\n<li>DEK: Dortmund &#8211; M\u00fcnster<\/li>\n<\/ul>\n<h3 class=\"wafayear\">1956<\/h3>\n<ul>\n<li>DEK \u2013 Lippe: Dortmund &#8211; Wesel<\/li>\n<li>DEK \u2013 Ems: Dortmund &#8211; Haneckenf\u00e4hr<\/li>\n<\/ul>\n<h3 class=\"wafayear\">1954<\/h3>\n<ul>\n<li>DEK \u2013 DHK: Dortmund &#8211; Hamm<\/li>\n<\/ul>\n","protected":false},"excerpt":{"rendered":"<p>Wanderfahrten seit der Neugr\u00fcndung 2023 07.06.23\u201311.06.23: Fulda: Rotenburg\u2013Hannoversch M\u00fcnden 30.07.23\u201305.08.23: Weser: Hannoversch M\u00fcnden\u2013Rinteln 2022 14.04.22\u201318.04.22: Main und Rhein: Gro\u00dfauheim\u2013Lahnstein 26.05.22\u201329.05.22: Dortmund\u2013Ems\u2013Kanal: Dortmund\u2013M\u00fcnster 25.06.22\u201302.07.22: Mecklenburgische Seenplatte: Silz\u2013Neustrelitz 01.10.22\u201302.10.22: Dortmund-Ems-Kanal: Herbstlager 2021 09.10.21\u201310.10.21: Ruhr: Witten\u2013Essen 2019 18.04.19\u201323.04.19: Rhein: Speyer-Bonn 11.10.19\u201315.10.19: M\u00f6hnesee: Herbstlager 2018 01.04.18\u201308.04.18: Main und Rhein: Aschaffenburg\u2013Lahnstein 10.05.18\u201313.05.18: Wakenitz und Trave: Ratzeburg\u2013Travem\u00fcnde 11.08.18\u201325.08.18: Donau: Passau\u2013Wien 12.10.18\u201316.10.18: &#8230; <span class=\"more\"><a class=\"more-link\" href=\"https:\/\/ruderriege-mpg.de\/?page_id=54\">[Read more&#8230;]<\/a><\/span><\/p>\n","protected":false},"author":1,"featured_media":0,"parent":0,"menu_order":0,"comment_status":"closed","ping_status":"closed","template":"","meta":{"footnotes":""},"post_mailing_queue_ids":[],"_links":{"self":[{"href":"https:\/\/ruderriege-mpg.de\/index.php?rest_route=\/wp\/v2\/pages\/54"}],"collection":[{"href":"https:\/\/ruderriege-mpg.de\/index.php?rest_route=\/wp\/v2\/pages"}],"about":[{"href":"https:\/\/ruderriege-mpg.de\/index.php?rest_route=\/wp\/v2\/types\/page"}],"author":[{"embeddable":true,"href":"https:\/\/ruderriege-mpg.de\/index.php?rest_route=\/wp\/v2\/users\/1"}],"replies":[{"embeddable":true,"href":"https:\/\/ruderriege-mpg.de\/index.php?rest_route=%2Fwp%2Fv2%2Fcomments&post=54"}],"version-history":[{"count":25,"href":"https:\/\/ruderriege-mpg.de\/index.php?rest_route=\/wp\/v2\/pages\/54\/revisions"}],"predecessor-version":[{"id":2801,"href":"https:\/\/ruderriege-mpg.de\/index.php?rest_route=\/wp\/v2\/pages\/54\/revisions\/2801"}],"wp:attachment":[{"href":"https:\/\/ruderriege-mpg.de\/index.php?rest_route=%2Fwp%2Fv2%2Fmedia&parent=54"}],"curies":[{"name":"wp","href":"https:\/\/api.w.org\/{rel}","templated":true}]}}